0 = -5*u + 3*f, f = u + 4*f - q. Is u a prime number?
False
Let v = -4594 - -7953. Is v a composite number?
False
Suppose 5*s = 3*s + 194. Is s a composite number?
False
Suppose -2*o = -5*o. Suppose 37 = p - 3*b, 4*p + o*b - 216 = -5*b. Is p a composite number?
True
Let b(w) be the third derivative of 11*w**6/720 - w**5/40 + w**4/8 + 2*w**2. Let t(u) be the second derivative of b(u). Is t(2) prime?
True
Let t(p) = -p**3 - 10*p**2 + 20*p - 10. Is t(-21) a prime number?
True
Let m(z) = 13*z**3 - 2*z - 1 - 16*z**3 - 2*z**2 - 41*z**3 - 34*z**3. Is m(-1) a composite number?
True
Let k = -7 - -8. Let a be 21 - k*(-6)/(-3). Let f = a + 34. Is f a composite number?
False
Suppose 570 + 50 = 4*m. Is m a composite number?
True
Let w be (0 - (2 - 3))*-303. Let y = -176 - w. Is y prime?
True
Let t(s) = 2*s**2 + 6*s + 5. Let w = 2 - 0. Suppose 2*a = -6 - w. Is t(a) a prime number?
True
Suppose 2*g = 87 + 17. Suppose -y - 4*w - 18 = -4*y, -4*y = 4*w - g. Suppose 3*l - y = 35. Is l a prime number?
False
Suppose 0 = -9*r + 14*r + 5. Is (2/4)/(r/(-94)) prime?
True
Suppose -3*c - 4*t = -t - 12, 4*c = -2*t + 20. Is c/(-15) - (-374)/10 composite?
False
Suppose -5*o + 3*b + 2699 = -0*b, 4*o + 2*b - 2168 = 0. Is o prime?
True
Let x be (-2)/5 + (-14)/(-10). Suppose -2*m + x + 3 = 0. Suppose m*w - 26 = -4. Is w a composite number?
False
Let r = -6 - -10. Suppose -r*y = -1040 + 116. Suppose -2*i - y = -5*i. Is i a prime number?
False
Let p(y) = -y**2 + 8*y - 7. Let n(f) = 8*f - 1. Let m be n(1). Let i be p(m). Suppose l - 5*d - 129 = i, -3*l = -6*l - 3*d + 387. Is l a composite number?
True
Suppose 2*g + 1350 = 3*g - 5*r, -4*g + 2*r + 5418 = 0. Is g a prime number?
False
Suppose 0 = -3*u, -2*u + 75 = 3*t - 7*u. Let n = -3 + t. Is n prime?
False
Suppose 4*y = y - 3*w, 5*y = 3*w + 32. Suppose 5*o = y*a - 89, 2*a = -2*o - 4 + 44. Let l = a + 0. Is l a prime number?
False
Let p be (-10)/(-2) - (4 - 6). Suppose -16 = p*f - 3*f. Is 19/((-2)/f*2) a composite number?
False
Suppose 0 = -2*a + 40. Suppose 3*u = -y + a, -3*u + 5*y + 26 = -0*u. Is u prime?
True
Suppose 2*r - 3*c + 12 = -3*r, -4*r + 4 = c. Let z(m) = m**2 - 19*m + 20. Let p be z(18). Suppose r = p*o - o - 7. Is o composite?
False
Is (3918/(-8))/(15/(-40)) a prime number?
False
Let j(c) = 2*c - 1 - c - 9 + 6 + 8*c**2. Is j(-3) a composite number?
True
Let f = 305 + 41. Is f a composite number?
True
Suppose 4*k - n = 0, 5*k + 0*k - 4*n = -11. Suppose 7 = 2*r - k. Suppose -r*f + 5 + 119 = 0. Is f a prime number?
True
Let b(z) be the second derivative of -7*z**3/6 - z**2 - 2*z. Suppose -5*c + 4 = -4*h - c, 5*c + 13 = -h. Is b(h) a composite number?
False
Let s = 5 + -2. Suppose -53 - 160 = -s*j. Is j a composite number?
False
Suppose -2*j = -7*j. Let p(m) = -m + 287. Is p(j) a composite number?
True
Let k(z) = -z**2 - 5*z - 4. Let t be k(-4). Suppose 0*o = -2*o + 6, 3*o = n - 254. Suppose h - n = -t. Is h prime?
True
Suppose 7*j = 11*j - 1804. Is j a prime number?
False
Suppose -5 = -2*f - 3*w, -7*f + 3*f = -2*w + 14. Is (-10)/8*(f - 26) a composite number?
True
Let x = 4 - 4. Suppose 2*m - 216 - 26 = x. Is m a prime number?
False
Suppose -5*s + 856 = -199. Is s a composite number?
False
Let i(s) = -s**3 - 16*s**2 - 18*s + 4. Is i(-15) prime?
False
Let v be (-32)/(-14) - 4/14. Suppose -3*s + c + 33 = -v*c, 2*s + 3*c = 2. Let j = 26 + s. Is j prime?
False
Suppose y = q - 7, 5*y + 3 = q - 4. Suppose 4*h = 5 + q. Suppose -33 = -5*u - h. Is u composite?
True
Let c(h) = 0*h - h + 270 + 2*h. Let w be c(0). Suppose -2*v + 4*u + 294 = v, 0 = 3*v + 4*u - w. Is v a composite number?
True
Suppose -4*d - 6 = f, -3*f = -6*f - 6. Let p be 217/(-2) + d/(-2). Let z = p + 257. Is z a composite number?
False
Let b(n) = n + 22. Let w be 0/1*(-3)/(-6). Let l be b(w). Suppose l = 5*g + 3*i - 33, g - 34 = 4*i. Is g prime?
False
Let v = 7 + -2. Suppose 2*a + 138 = 4*g, 5*a - 14 = -v*g + 196. Is g composite?
False
Let f(y) = 12*y**2 - y - 2. Let s be f(4). Is (s/12)/((-2)/(-4)) a composite number?
False
Is -1 - 12326/(-3) - (-12)/9 a composite number?
True
Let x(a) = -a + 794. Is x(0) a composite number?
True
Suppose -26*b + 24*b + 4474 = 0. Is b prime?
True
Suppose -5 = -5*o - 20. Is (-51)/(0 - o/(-2)) a composite number?
True
Let d be (-6)/15 - (-28)/(-5). Let v(s) = -s**3 - 5*s**2 + 5*s + 8. Is v(d) a composite number?
True
Suppose 4*q = 0, -2*p - 5*q + 483 = -19. Is p prime?
True
Let n(l) = l**3 + l**2 - l - 2. Let y be n(0). Let i = y - -4. Suppose -1 - 11 = -i*z. Is z composite?
True
Is (-1 - 3 - -102) + -4 a composite number?
True
Is ((-606)/(-12) + -2)/(1/6) prime?
False
Let m be 9 + (-2 - -3) - 4. Suppose 3*t - y - m = -5*y, 2*y = 0. Is t prime?
True
Let y(o) = 30*o**2 - o + 8. Is y(6) composite?
True
Suppose 5*t + 4 = 6*t. Suppose -t = -4*g, 2*g = -4*x - 0*g + 814. Is x prime?
False
Let t be (2/8)/(2/8). Is -1*-1*49*t a prime number?
False
Let a(c) = -34*c**3 + 1. Let d = 18 - 19. Is a(d) prime?
False
Suppose 2*r + r - 6 = 0. Suppose r*h + 5*o + 12 = 3*h, 19 = 3*h + 2*o. Is h a composite number?
False
Suppose -3*m = -0*m + 156. Let g = m - -78. Is g a prime number?
False
Let d(h) = -h**2 - 6*h + 5. Let f = 47 + -27. Suppose -f = 3*t + t. Is d(t) a composite number?
True
Suppose g + k - 52 = 0, -4*g = -2*g + 3*k - 107. Let c = 132 + g. Suppose -4*o - 5*a - c = -7*o, 5*o = -2*a + 343. Is o prime?
True
Let n(s) = s**3 - s**2 + s + 2. Suppose b - 2*t = -2*b + 2, -3*t = 2*b + 3. Is n(b) composite?
False
Let g(i) = -8*i - 7. Let q be g(-6). Suppose 4*r - 19 = q. Is r a prime number?
False
Suppose -4*a + 7*a - 9105 = 0. Is a prime?
False
Suppose w = -z + 1163, 0 = 2*z + 4*w + w - 2326. Is z composite?
False
Let w = 89 + -38. Let g = 98 - w. Is g a composite number?
False
Let a = 6 - 3. Suppose -2*g + 5*y = -45, -g = a*g - 3*y - 125. Is g a prime number?
False
Suppose 5*o = o. Suppose -2*v + 0*v + 4 = o. Is 52/9 - v/(-9) a composite number?
True
Suppose 5*o - 41 = -k, 2*k - 72 = -0*o - 5*o. Is k a prime number?
True
Suppose 2*y - 1 = -5*b + 31, 4*b - 26 = -2*y. Suppose -56 = 2*k + b. Is k/((3 - 4)*1) a composite number?
False
Let m(z) = 38*z - 6. Let o be m(5). Suppose -3*n + o = -3*w + 4*w, n - 4*w = 57. Suppose -3*a + 3*i + 41 = -n, 2 = 2*i. Is a a prime number?
False
Suppose 0 = 5*i - 15 - 160. Suppose i = 5*s + 10. Suppose 4*u - 673 = -s*r + 86, 0 = 2*u + 8. Is r composite?
True
Suppose d = -v - d + 4, 4*d = 3*v - 2. Let p(s) be the third derivative of 13*s**4/24 - s**3/2 + 2*s**2. Is p(v) prime?
True
Let t = -490 + 38. Let g = 813 + t. Is g composite?
True
Suppose -q + 11 = -86. Is q composite?
False
Let n(v) = v. Let g(d) = 7*d - 7. Let w(s) = g(s) - 2*n(s). Is w(6) a composite number?
False
Suppose -34 = -5*w - 2*k, -3*k + k + 4 = 0. Let g = w + -4. Is (g/2 - 3) + 15 a prime number?
True
Let v(t) = t**3 - 20*t**2 + 28*t + 32. Is v(21) composite?
False
Suppose 10*d - 51331 - 19339 = 0. Is d a prime number?
False
Is (-1573)/(-4) - (81/(-12))/9 prime?
False
Let u be 9/(-3) + (-915)/(-1). Let r = u + 39. Is r a composite number?
True
Let r = -4 - -6. Let x(k) = r*k - 2*k - 2*k - 6. Is x(-5) a prime number?
False
Is 0 + 0 + 1 + 3 + 138 prime?
False
Is (204 - 2)/(4/10) composite?
True
Let s(m) = 2*m**2 - 13*m + 6. Let v be s(9). Let f = -29 + v. Is f prime?
False
Let j be -2 + -1 + (2 - -4). Suppose 0*b = -z - j*b + 24, -b = -5*z + 136. Let d = 48 - z. Is d composite?
True
Suppose -5*p = 4*v - 407, -2*p + 5*v - 41 + 184 = 0. Let g = 118 - p. Is g a composite number?
True
Let p(b) be the first derivative of -b**4/2 - 10*b**3/3 - 9*b**2/2 + 11*b + 4. Is p(-8) a composite number?
False
Let k(j) = j**2 - 4*j. Let y(g) = -5*g + 2*g + 2*g**2 - 3*g. Let u(v) = -7*k(v) + 5*y(v). Is u(3) a composite number?
True
Let i(h) = h - 1. Let t be i(-2). Let a(f) be the first derivative of -f**4/4 + 5*f**3/3 + 5*f**2/2 + 2*f + 1. Is a(t) a prime number?
True
Let m(j) be the second derivative of j**4/6 - 2*j**3/3 - j**2/2 + j. Suppose -4*k + i = -27, -k + i + 21 = 2*k. Is m(k) composite?
False
Suppose -5*h - 15 = 5. Let r be (-35)/(-14) - 2/h. Suppose r*p = -5*k - 6 + 59, -5*k = -20. Is p prime?
True
Let a(s) = s + 6. Let f be a(9). Is 2/10 + 7182/f prime?
True
Let l be (4/18)/(5/45). Suppose 2*t = -l, 0 = -4*v + t - 0*t + 1757. Is v a prime number?
Tru